r when 3955 is divided by 515?
350
What is the remainder when 79391 is divided by 53?
50
What is the remainder when 315804 is divided by 726?
720
What is the remainder when 20301 is divided by 48?
45
What is the remainder when 232067 is divided by 77349?
20
What is the remainder when 5137697 is divided by 71?
66
What is the remainder when 643 is divided by 207?
22
What is the remainder when 68848 is divided by 268?
240
Calculate the remainder when 124204 is divided by 173.
163
What is the remainder when 11770 is divided by 209?
66
What is the remainder when 348 is divided by 229?
119
What is the remainder when 6169627 is divided by 4?
3
What is the remainder when 929 is divided by 20?
9
What is the remainder when 11860 is divided by 297?
277
Calculate the remainder when 1877 is divided by 1854.
23
What is the remainder when 292 is divided by 55?
17
What is the remainder when 5309 is divided by 4830?
479
Calculate the remainder when 230495 is divided by 112.
111
What is the remainder when 6171 is divided by 214?
179
Calculate the remainder when 225754 is divided by 643.
61
What is the remainder when 3649 is divided by 1820?
9
What is the remainder when 27713 is divided by 2704?
673
Calculate the remainder when 740615 is divided by 81.
32
Calculate the remainder when 32030 is divided by 416.
414
Calculate the remainder when 3752 is divided by 992.
776
Calculate the remainder when 71146 is divided by 25.
21
What is the remainder when 291 is divided by 121?
49
Calculate the remainder when 319 is divided by 307.
12
Calculate the remainder when 52778 is divided by 297.
209
Calculate the remainder when 3164 is divided by 144.
140
Calculate the remainder when 2526 is divided by 1927.
599
What is the remainder when 227710 is divided by 235?
230
What is the remainder when 7970 is divided by 1593?
5
What is the remainder when 1350 is divided by 688?
662
What is the remainder when 34465 is divided by 2871?
13
What is the remainder when 4519894 is divided by 564?
562
What is the remainder when 2052 is divided by 1005?
42
What is the remainder when 142108 is divided by 248?
4
Calculate the remainder when 4098 is divided by 158.
148
What is the remainder when 122604 is divided by 68?
0
Calculate the remainder when 218635 is divided by 9505.
20
Calculate the remainder when 39942 is divided by 207.
198
Calculate the remainder when 519 is divided by 129.
3
Calculate the remainder when 120094 is divided by 23.
11
Calculate the remainder when 2008 is divided by 336.
328
What is the remainder when 3680 is divided by 1217?
29
Calculate the remainder when 5033 is divided by 194.
183
Calculate the remainder when 174793 is divided by 106.
105
Calculate the remainder when 22987 is divided by 190.
187
Calculate the remainder when 10463 is divided by 95.
13
Calculate the remainder when 2317 is divided by 165.
7
What is the remainder when 9972 is divided by 46?
36
What is the remainder when 101898 is divided by 26?
4
What is the remainder when 290886 is divided by 38?
34
What is the remainder when 130409 is divided by 220?
169
Calculate the remainder when 6859 is divided by 38.
19
What is the remainder when 1331 is divided by 606?
119
Calculate the remainder when 1782 is divided by 1772.
10
Calculate the remainder when 1741499 is divided by 54.
53
What is the remainder when 65295 is divided by 1672?
87
Calculate the remainder when 7765 is divided by 216.
205
What is the remainder when 41613 is divided by 492?
285
Calculate the remainder when 5479 is divided by 2636.
207
Calculate the remainder when 41862 is divided by 1268.
18
Calculate the remainder when 20923 is divided by 1270.
603
Calculate the remainder when 4758206 is divided by 532.
530
Calculate the remainder when 82779 is divided by 219.
216
Calculate the remainder when 157206 is divided by 3743.
0
Calculate the remainder when 12289 is divided by 218.
81
Calculate the remainder when 3167 is divided by 453.
449
What is the remainder when 615 is divided by 381?
234
Calculate the remainder when 25060 is divided by 190.
170
What is the remainder when 202796 is divided by 259?
258
What is the remainder when 43565 is divided by 873?
788
Calculate the remainder when 1356 is divided by 171.
159
What is the remainder when 1222973 is divided by 510?
503
What is the remainder when 13315 is divided by 6297?
721
Calculate the remainder when 833 is divided by 129.
59
What is the remainder when 210052 is divided by 108?
100
What is the remainder when 545 is divided by 25?
20
What is the remainder when 39036 is divided by 39?
36
Calculate the remainder when 34982 is divided by 159.
2
What is the remainder when 103745 is divided by 1852?
33
What is the remainder when 7664 is divided by 2539?
47
Calculate the remainder when 1166 is divided by 366.
68
Calculate the remainder when 36538 is divided by 18230.
78
Calculate the remainder when 4546 is divided by 48.
34
Calculate the remainder when 141607 is divided by 139.
105
What is the remainder when 3878 is divided by 1921?
36
Calculate the remainder when 567 is divided by 60.
27
What is the remainder when 97743 is divided by 73?
69
What is the remainder when 90022 is divided by 12860?
2
What is the remainder when 39484 is divided by 101?
94
Calculate the remainder when 16479 is divided by 127.
96
What is the remainder when 761 is divided by 637?
124
What is the remainder when 8766 is divided by 624?
30
What is the remainder when 179448 is divided by 50?
48
What is the remainder when 4388 is divided by 1462?
2
What is the remainder when 240677 is divided by 48?
5
What is the remainder when 101572 is divided by 198?
196
What is the remainder when 69360 is divided by 127?
18
Calculate the remainder when 13283 is divided by 31.
15
Calculate the remainder when 37945 is divided by 5407.
96
What is the remainder when 287691 is divided by 13?
1
What is the remainder when 2848 is divided by 432?
256
What is the remainder when 4367 is divided by 502?
351
What is the remainder when 27598 is divided by 8?
6
What is the remainder when 366 is divided by 110?
36
What is the remainder when 751 is divided by 290?
171
What is the remainder when 3285 is divided by 8?
5
What is the remainder when 25181 is divided by 67?
56
Calculate the remainder when 248566 is divided by 14.
10
What is the remainder when 36788 is divided by 31?
22
What is the remainder when 169136 is divided by 56374?
14
Calculate the remainder when 5357 is divided by 283.
263
What is the remainder when 186622 is divided by 486?
484
Calculate the remainder when 521569 is divided by 1677.
22
What is the remainder when 209199 is divided by 119?
116
Calculate the remainder when 11451 is divided by 5724.
3
Calculate the remainder when 1051 is divided by 37.
15
Calculate the remainder when 328624 is divided by 27385.
4
What is the remainder when 392035 is divided by 98005?
15
What is the remainder when 15479 is divided by 125?
104
Calculate the remainder when 207419 is divided by 103705.
9
What is the remainder when 128183 is divided by 1051?
1012
Calculate the remainder when 123 is divided by 1.
0
What is the remainder when 34487 is divided by 886?
819
Calculate the remainder when 6738 is divided by 75.
63
Calculate the remainder when 68224 is divided by 38.
14
What is the remainder when 57876 is divided by 327?
324
Calculate the remainder when 7259 is divided by 21.
14
What is the remainder when 9618 is divided by 230?
188
What is the remainder when 11167 is divided by 5519?
129
Calculate the remainder when 8981 is divided by 8958.
23
What is the remainder when 3543 is divided by 548?
255
What is the remainder when 10110 is divided by 10069?
41
What is the remainder when 51712 is divided by 3975?
37
What is the remainder when 58352 is divided by 201?
62
What is the remainder when 405427 is divided by 149?
147
What is the remainder when 159495 is divided by 53162?
9
Calculate the remainder when 51294 is divided by 16912.
558
What is the remainder when 901 is divided by 422?
57
What is the remainder when 27499 is divided by 20?
19
Calculate the remainder when 5341 is divided by 1766.
43
What is the remainder when 1021 is divided by 618?
403
What is the remainder when 2144 is divided by 120?
104
What is the remainder when 443110 is div